178)/124)/((-1)/852)?
8
Suppose 20*z - 10*z = -28*z + 1227780. What is the hundreds digit of z?
3
Suppose -5*p - 2*z = -6*z - 20, 5*p = z + 5. Suppose -x - 272 = -2*x + 5*j, p = 2*j - 2. What is the units digit of x?
7
Let l be ((-5)/((-50)/(-24)))/((-21)/280). Let c(a) = 51*a - 316. What is the hundreds digit of c(l)?
3
Let u(g) = 76*g**2 + 3*g + 2. Suppose 51*b = 55*b + 4. What is the tens digit of u(b)?
7
Let d(x) = x + 7. Let l be d(-5). Let u(a) = -14997*a**2 + 1 + 14997*a**2 + 2*a**3 + 2*a + 15*a**3. What is the units digit of u(l)?
1
Let t = -2962 - -4179. What is the thousands digit of t?
1
Let a be (2/(-6) - 40/24)*1. What is the units digit of 9*a/(-117) - (-13568)/26?
2
Let b = -108 + 100. Let f(k) = -48*k - 23. Let g be f(b). Let j = g - 174. What is the tens digit of j?
8
Let w(b) = 1620*b**2 - 199*b + 626. What is the thousands digit of w(3)?
4
Let c be 21/42 - (-2)/(8/(-6)). Let t be (c + 0 + (-2)/2)/(-1). What is the units digit of -5 - (-3625)/20 - t/8?
6
Suppose -64*j + 10 = -63*j. What is the units digit of -9*((-1220)/6)/j?
3
Let o = -719 + 353. Let t = o + 670. What is the tens digit of t?
0
Suppose 5*m = -4*d + 8, 7*d - 2*m + 10 = 12*d. What is the units digit of (d + -166 + 3)*-5?
5
Let k be ((-16)/(-6))/((-4)/(12 + 0)). What is the hundreds digit of (k - 74)*(-5)/2?
2
Let i(y) = -111*y + 2595. What is the units digit of i(-115)?
0
Let m(s) be the second derivative of 3*s**4/4 - 25*s**3/6 + 3*s**2/2 - 4*s + 1. What is the hundreds digit of m(7)?
2
Let v = -969 - -1698. Suppose l = -4*y - l + 2880, y - 4*l = v. What is the units digit of y?
1
Suppose 5929955 = 139*q + 826014. What is the ten thousands digit of q?
3
Suppose -u + 3*g + 7187 = 0, 2*g + 5357 = -4*u + 34063. What is the units digit of u?
8
Let g be 170/(-6)*3/(-1). Let t = g + -76. What is the hundreds digit of -3*((-3288)/t)/8?
1
Suppose 18 = 5*i - 2*q, -4 = -26*q + 22*q. Suppose 5*p - 2118 = -o, -o = o + i. What is the tens digit of p?
2
Let x(k) = 5 - 74*k - 121*k + 4 + 6. What is the tens digit of x(-2)?
0
Suppose -35*x = -33*x - 4*g - 105338, 3*x - 158015 = 2*g. What is the ten thousands digit of x?
5
Let l be 4 - 50/5 - 1. Let o be (l/(-2))/((-5)/(-10)). Let g(r) = 4*r**2 - 3*r - 1. What is the units digit of g(o)?
4
Suppose 0 = 9*b - 11*b + 8. Suppose 6 = b*r - r. What is the tens digit of r/11 + (-1483)/(-11)?
3
Suppose v - 51 = -2*r, -175 = -3*v + 6*r - r. Let t = -14 + v. Let p = 61 - t. What is the units digit of p?
0
What is the tens digit of 11/(14/(-972706)*-17)?
5
Let o = -56450 - -121931. What is the tens digit of o?
8
Suppose 3*q + q + h = -39, h = 3*q + 31. Let v be (q/(-3))/((-2)/(-324)). What is the tens digit of 12/(-15)*v/(-8)?
5
Suppose -1217530 - 474630 = -40*w. What is the units digit of w?
4
Let r(g) be the first derivative of -57*g**4/4 + g**3 - 2*g + 5. Let w be r(-1). Suppose -3*j = -2*j - w. What is the units digit of j?
8
Let o = 524 - -934. Let v = o - 494. Suppose 0 = 3*y + 88 - v. What is the units digit of y?
2
Let i be 4 - (10 - 3) - (0 - 3). Suppose -u + 274 = 5*d - 419, -4*d + 8 = i. What is the hundreds digit of u?
6
Let i(j) = 10*j - 34. Let y be i(14). Suppose 0 = -y*x + 108*x - 218. What is the hundreds digit of x?
1
Let q(o) = 12 - o + 2*o + 1. Let m be q(-10). Suppose m*c + 55 = 8*c. What is the units digit of c?
1
Let f(h) = 7*h**2 - 47*h + 62. Let m(i) = 3*i**2 - 24*i + 31. Let s(u) = 2*f(u) - 5*m(u). What is the tens digit of s(24)?
1
Suppose -8761 - 20107 = -4*w + 4*i, 4*w + 4*i = 28908. What is the tens digit of w?
2
Suppose -7*a + 3220 = 3*x - 3*a, -5*a + 3221 = 3*x. Suppose -14*z = -10*z - x. What is the tens digit of z?
6
Let q(z) = 36*z**2 + 27*z - 201. Let m be q(6). Suppose d = -m + 3194. What is the thousands digit of d?
1
Suppose 3*k + 99 = -2*r + 4*k, 258 = -5*r - k. Let d = 180 + r. What is the hundreds digit of d?
1
Suppose 3*r = 2*g - 54999, -280*g + 275*g + 137494 = -4*r. What is the ten thousands digit of g?
2
Let b = -53866 + 91125. What is the hundreds digit of b?
2
Let l(b) = b**2 + 10*b + 30. Let v(n) = 13*n - 1. Let a = 44 + -45. Let y be v(a). What is the tens digit of l(y)?
8
Let t(p) = 204*p + 4. Let o(v) = -7. Let y(q) = 4*o(q) - t(q). What is the hundreds digit of y(-4)?
7
Let m be 1768/85 - 4/5. Suppose 0 = 2*z - 4*x - 8, 0*z + x + m = 2*z. What is the units digit of -1 - (-13)/(26/z)?
5
Let u = -26 + 30. Suppose -4*a + w - 4 + 27 = 0, -u*a + 25 = w. Suppose -a*i = -223 - 1061. What is the units digit of i?
4
Let h(t) = t**2 - 5*t - 10. Let m(j) = j**2. Let u(n) = -h(n) + 3*m(n). Suppose -5*k + 29 = 2*o, 6*o - 3*o = -3*k + 21. What is the tens digit of u(k)?
8
Let a = -23 - -23. Suppose a = g - 0*g - 4*s + 236, 3*g = -4*s - 692. Let f = 332 + g. What is the units digit of f?
0
Suppose 0 = p - 3*x - 12, 8*p - 41 = 5*p + 4*x. Suppose 0 = 4*o - o + p, -b + 51 = -o. What is the tens digit of b?
4
Suppose 39*d + 5*f = 35*d + 97437, 2*f = 3*d - 73072. What is the thousands digit of d?
4
What is the ten thousands digit of (569480/(-10))/(-12 - -10)?
2
Suppose j = -6*y + y + 14451, 4*j + y = 57804. What is the ten thousands digit of j?
1
Let h be (5 + -5 + -3)/(-1). Suppose 4*f = -140 + 784. Suppose 0 = -h*d - 41 + f. What is the tens digit of d?
4
Suppose 13094 + 1882 = 18*n. Suppose -3*u + n = 2*s - 4*u, 2*s - 5*u - 824 = 0. What is the hundreds digit of s?
4
Let o = 41476 - 7855. What is the units digit of o?
1
Let i be 49/7 + (-1 + 3 - 5). Suppose -4*j + 3989 = -3*b, -3*j = i*b + 1742 - 4765. What is the units digit of j?
1
Let t be (-4)/(-1) + 10/(-5) + -1. What is the tens digit of (-3 + 8/2)*263*t?
6
Suppose -241*n + 274*n = 311850. What is the thousands digit of n?
9
Let o(k) = 341*k - 4326. What is the units digit of o(32)?
6
Let o be 10/4 - 5139/(-18). Suppose -o*r + 284*r = -2812. What is the tens digit of r?
0
What is the units digit of 10/(-20) + (-41229)/(-6) - 5?
6
Let y(v) be the first derivative of 11*v**3/3 + v**2 - 5*v + 1. Suppose -16 = -4*p - 4*r, 2*r + 1 - 5 = 0. What is the tens digit of y(p)?
4
Suppose -4*c - 5*o + 18 = -3*o, 3*c = 3*o + 36. Suppose 4*w - 5*v = -6, c = -3*w - v + 6*v. What is the units digit of 3 - 1/w*-29?
2
Let k = 52 + -39. Suppose 17*z - 16 = k*z. Suppose z*f + 2*d - 93 - 57 = 0, -3*d - 95 = -2*f. What is the tens digit of f?
4
Suppose -3*u + 2 = -4*u. Let m(i) = 950*i**3 + 2*i**2 + 4*i + 5 + 3*i - 967*i**3. What is the tens digit of m(u)?
3
Suppose -26 = -h - 23. Let z(l) = 60*l + 19. What is the hundreds digit of z(h)?
1
Let x = -7126 - -13209. Suppose 22*d = x - 671. What is the units digit of d?
6
Suppose 133*n - 8417 = -4*r + 130*n, -5*r + 10520 = 4*n. What is the hundreds digit of r?
1
Suppose i - 2*r - 22901 = 0, 20*r = i + 16*r - 22897. What is the hundreds digit of i?
9
Let y be 5 + (10 - 14) - (-3)/1. Let n(t) = 43*t + 13. What is the hundreds digit of n(y)?
1
Let u(m) = -74*m**2 + 6*m + 4. Let p be u(3). Let b be p/(-196) - (-4)/(-14). Suppose b*t - 305 - 499 = 0. What is the units digit of t?
8
Let p(l) = -l + 13. Let t be p(5). Suppose 3*s - 1091 = -5*v, -4*s + 1458 = t*v - 3*v. What is the hundreds digit of s?
3
Let v(u) = 486*u - 877. What is the thousands digit of v(11)?
4
Let w(f) = 12*f**2 + f. Let y be w(8). Let l = -432 + y. What is the hundreds digit of l?
3
Let v be (-29)/(-6) - 3/(-18). Suppose v*k - 2420 = -210. What is the units digit of k?
2
Let b = -5631 - -38189. What is the thousands digit of b?
2
Let h(p) = -p**3 + 23*p**2 - 13*p - 21. Let u be h(21). Suppose 5*m = 4*v - 1823, -784 = -3*v - m + u. What is the units digit of v?
7
Let q = 1391 + -929. Suppose -3*o + 231 = a, 2*a + o = -0*a + q. Suppose -3*t + j - 32 = -379, -a = -2*t + j. What is the tens digit of t?
1
Suppose -52471 = -3*y - 5*l, -138*y - 3*l - 87429 = -143*y. What is the thousands digit of y?
7
Suppose 2*l = 5*l - 15. Let h be (0/((-8)/2))/(-1). Suppose -8*s + l*s + 84 = h. What is the units digit of s?
8
Suppose -4*i + 3*p + 70179 = 0, -5*i + 3*p + 34777 + 52949 = 0. What is the units digit of i?
7
Let w = 5061 - 5073. Let s(g) = -5 - 28 - 14*g - 14. What is the hundreds digit of s(w)?
1
Let r(w) = -323*w + 30. Let o be r(-3). Suppose 0 = -7*z + o + 597. What is the hundreds digit of z?
2
Let j(g) = -g**2 + 4*g + 12. Let u be j(6). Suppose -2*i + 4*